s c(-6)?
-14
Let r(h) be the first derivative of -3*h**3 - h**2/2 - h - 23. Give r(-1).
-9
Let w(c) = -2*c + 1. Let h = -30 - -33. Calculate w(h).
-5
Let j(n) be the second derivative of -1/2*n**2 - 1/10*n**5 + 1/6*n**3 + 1/12*n**4 + 0 + 2*n. What is j(1)?
-1
Suppose 3*o + 2*o = -3*j - 1, 4*o = 5*j + 14. Let h(r) be the third derivative of -13*r**5/60 + r**4/12 - r**3/6 - 20*r**2. Give h(o).
-12
Let m(c) be the first derivative of 5*c**2/2 + 2. Suppose 0 = -h - 2*p - 2, 3*h - 16 = 5*p. Suppose -5*b - 3*u = u + 15, 0 = h*b + u + 3. Calculate m(b).
5
Let c(l) = -6*l**2 + 15*l. Let z(i) = i**2 - 3*i. Let r(s) = 2*c(s) + 11*z(s). Let o be (0 + 2)*(-5)/2. Give r(o).
-10
Let h(b) be the third derivative of -1/720*b**6 - 1/24*b**4 + 0 + 0*b**3 + 0*b + 1/12*b**5 + 3*b**2. Let k(d) be the second derivative of h(d). Calculate k(6).
4
Let p be 2 + (-4)/(-6)*-6. Let b = p - -3. Let c(q) = q**2 - 5*q**2 + q**2. Determine c(b).
-3
Let v(c) be the first derivative of c**3/3 + c**2/2 - 5*c + 2. Let d(i) = -2*i - 18. Let m be d(-9). Calculate v(m).
-5
Let k(q) = 7*q**2 - 5*q + 11. Let r(a) = -a**2 - 1. Let f(u) = -k(u) - 6*r(u). Calculate f(5).
-5
Let x(q) = -7*q**2 - 6*q + 2. Let m(l) = 12*l**2 + 12*l - 5. Let t(f) = 4*m(f) + 7*x(f). Give t(4).
2
Let g(v) be the first derivative of 2*v**2 - 14. What is g(-1)?
-4
Let g(u) = 2*u - 3*u**3 - 1 + 2 - 147*u**2 - 4*u + 149*u**2. What is g(1)?
-2
Let u be (-4)/(-6) + 2/(-3). Suppose -4*k + 12 = 3*h, 0 = -u*k - 4*k + 5*h - 20. Let a(o) = 4 + 16*o - 30*o + 15*o. Give a(k).
4
Let u be 3 + -2 + (-1)/(-1). Let t(v) = -3*v**3 + 2*v**2 + 3*v + 6. Let o(w) = 2*w**3 - w**2 - 2*w - 5. Let b(g) = 4*o(g) + 3*t(g). Determine b(u).
0
Let s(c) be the third derivative of c**5/60 - c**4/24 - 2*c**3/3 + c**2. Let i be -7*1/((-14)/12). Suppose 5*u = 3*u + i. Calculate s(u).
2
Let a(k) = -30*k + 15. Let x(w) = 15*w - 7. Let p(v) = -6*a(v) - 13*x(v). What is p(1)?
-14
Let v(f) = f**2 - 1. Let i be v(2). Let m(x) = 2*x**3 + 7*x**2 + 7*x - 7. Let q(c) = c**3 + 6*c**2 + 7*c - 6. Let l(h) = i*q(h) - 2*m(h). Give l(5).
6
Let y(c) be the second derivative of c**4/12 + c**3/6 + c**2/2 + 10*c. Let m = -3 + 0. What is y(m)?
7
Let p(q) = 2*q**2 + 3*q - 4. Let y be p(-3). Let g be 3 + (-2)/((-6)/(-3)). Let m(i) = 2*i**g + y*i + 1 - 2*i**2 - i**2. What is m(5)?
1
Let j(r) be the second derivative of r**5/60 - r**4/24 - r**3/6 - r**2 - 2*r. Let n(k) be the first derivative of j(k). Let y be 2/((-12)/9 - -2). Give n(y).
5
Let l(u) = 4*u. Suppose -5 = -5*d, -4*p - 5*d + 6 = 5. Let a(h) = -2*h**3 + h**2 - h - 1. Let c be a(p). Suppose -c*v + 2 = -v. Calculate l(v).
4
Let o(g) = 2*g. Let z be (-1)/(-3) + 24/9. Suppose 0 = -5*x - 2*q + 23, 0 = 2*x + z*q + q - 22. What is o(x)?
6
Suppose -5*z - 16 = -g, 4*z = g - 11 - 2. Let j(l) = 3*l**2 + 2*l - 1. Calculate j(g).
4
Let b(c) be the first derivative of c**4/4 + c**3/3 - c**2 - c + 6. Let z be b(-2). Let i(p) = -6*p. Give i(z).
6
Suppose -5*n + 2 - 22 = -3*v, -8 = 5*v + 2*n. Let b(h) = h**3 - h**2 - h + 12. Calculate b(v).
12
Let w(x) = -4*x + 5*x - 4*x - x + 4. Give w(-6).
28
Let v be ((-6)/5)/(12/(-30)). Let p(h) be the second derivative of h**4/12 - h**3/2 - 2*h**2 - h. Calculate p(v).
-4
Let n = 3 - 2. Let w = n + 3. Suppose w*q = -5*r + 11, -r - 4*q + 2 = r. Let z(h) = -h**3 + 2*h**2 + 3. Give z(r).
-6
Let k(s) = 2*s + 5. Suppose 7 = -4*y + 5*a + 42, -5*y + 31 = -2*a. Suppose 24 = -y*n + 4. Give k(n).
-3
Let y = -2 - 2. Suppose -5*x - t - t = -17, -4*x + 4*t = -36. Let g(u) = -x - 4*u - u + u**3 + 0 + 5*u**2 + 6*u. What is g(y)?
7
Let t(r) = 9*r + 2*r**2 - 4 - 6 - 10*r**2 + r**3. Let b be t(7). Let g(i) = -9 + 3 - b*i - 3*i - 5*i**2 - i**3. Determine g(-4).
6
Let i(c) = c**2 - 1 + 0*c + 0*c + c + 0*c. Let a be i(-3). Let v(s) = -2*s + 3. What is v(a)?
-7
Let z(u) = -5*u**3 - u**2 + u. Let n = -30 - -31. What is z(n)?
-5
Let m(t) be the third derivative of t**7/840 + t**6/360 - t**5/120 - t**4/3 + 5*t**3/6 - 4*t**2. Let a(j) be the first derivative of m(j). Give a(0).
-8
Let d be 3 + -1 - (-3 - -3). Let g(b) = 2*b + 2. Give g(d).
6
Let d(a) = -a**3 + 3*a**2 + 3. Suppose -5*s + 5 = -3*n - 25, s + n + 2 = 0. Give d(s).
3
Suppose -3*d - r + 22 = 3*r, 8 = -2*d + 3*r. Suppose -2*k + 4*c = d*k - 32, -4*k - c + 12 = 0. Let v(z) = 3*z**2 + 4*z - 4*z**2 + z. Calculate v(k).
4
Suppose 0 = -2*v + 3*v. Let c(g) be the third derivative of g**6/120 + g**5/60 + g**4/24 + 4*g**2. Give c(v).
0
Let k(g) be the first derivative of 5*g**4/4 - g**2/2 + g + 1. Let u = 20 + -19. What is k(u)?
5
Let o(h) = 7*h - 8. Let i(l) = -6*l + 8. Let r(g) = 6*i(g) + 5*o(g). Let s = -39 - -39. Calculate r(s).
8
Let u(b) be the first derivative of b**2 - 1. Let r = 12 - 12. Suppose c - 1 = m, r = 5*m - 2*c + 10 + 7. Calculate u(m).
-10
Let y(f) = 830*f**3 - 831*f**3 + 4*f + 0 - 2 + 3*f**2. Let n(k) = -k**2 + 9*k - 4. Let q be n(8). Calculate y(q).
-2
Let m(b) = -b**2 - 4*b - 2. Let f(o) = -2*o**2 + o + 3. Let n be f(-3). Let w = -22 - n. Give m(w).
-2
Let k = -13 - -10. Let l(m) = -m**3 - 3*m**2 - 2. What is l(k)?
-2
Let m be 3*(1 + (-4)/6). Let k = -4 + 7. Let t(w) = 3*w**2 + k*w + 2*w**2 - 4*w. Give t(m).
4
Suppose -4*w - 6 = -3*w + 5*u, -2*u = 5*w + 30. Let v(o) = 4*o - 3. Determine v(w).
-27
Let r be -2*3/6 + 2. Let a(n) be the first derivative of 3/2*n**2 - 4*n - r. Determine a(4).
8
Let c(d) = d + 4. Let p(x) = -3*x - 56. Let z be p(-16). Determine c(z).
-4
Suppose 5*k - 31 = 2*x + x, -2*k = -2*x - 14. Let s = x + 2. Let z(m) = -m + 10. Give z(s).
10
Let j(x) be the second derivative of x**4/12 - 3*x**3/2 + 7*x**2/2 + 8*x. Determine j(8).
-1
Let m(f) be the first derivative of -f**3/3 + f + 4. Suppose -14 = -5*k + 16. Let d = -9 + k. Calculate m(d).
-8
Let c(x) = -4*x**3 - 4*x**2 + 8*x + 6. Let z(m) = -7*m**3 - 8*m**2 + 15*m + 11. Let o(y) = -5*c(y) + 3*z(y). Give o(-5).
3
Let w(p) be the first derivative of 2*p**4 + p**2 - p + 19. What is w(1)?
9
Let f(h) = -8 + 8*h - 8*h - h. Calculate f(-7).
-1
Let c(p) be the second derivative of -p**4/12 + p**3/6 + p**2/2 + 3*p. Calculate c(0).
1
Let q(g) be the first derivative of g**4/4 + g**3 + 3*g**2/2 + 4*g - 14. Determine q(-3).
-5
Let j(q) = -q**3 - q - 6. Let d = 8 - 5. Suppose 0 = -3*c + 4*o + 8, d*c + 3*o + 2 = -4. Give j(c).
-6
Let q(c) = -2*c**2 - 21*c + 13. Let t(o) = o**2 + 11*o - 6. Let k(y) = -3*q(y) - 5*t(y). What is k(-9)?
0
Suppose 24 = -2*x - 10*x. Let k(m) be the second derivative of -m**3/6 - m**2/2 - 2*m. Calculate k(x).
1
Let u(w) = 3*w - 8. Let g(p) = -4*p + 8. Let r(f) = 2*g(f) + 3*u(f). Let v be -1*4*10/(-8). Calculate r(v).
-3
Let l be (-57)/(-9) + 4/6. Suppose 8 = 5*o - l. Suppose 4*x - 4 = o*x. Let q(r) = r**2 - 5*r. Give q(x).
-4
Let w(a) = 3*a + 4. Let j be w(6). Suppose -2*k - j = -3*x, -4 = -x + 4*k - 10. Let i(s) = -11 - 4*s + 3*s + x - s**2. Calculate i(0).
-1
Let q(j) = -j**2 + 3*j - 2. Suppose 4 = -2*n + 12. Determine q(n).
-6
Suppose -3*m + 0*m - 5*l + 45 = 0, 2*m - 3*l = 11. Let w(g) = -7 + 4*g + 3*g + m*g - 16*g. Calculate w(0).
-7
Let a(s) be the first derivative of -s**3/3 + 3*s**2 - 1. Let i be a(5). Let z(y) = -3*y - 4 - 3 + y**3 + 0*y**2 - 4*y**2. Give z(i).
3
Let l(p) be the third derivative of 1/3*p**3 + 1/30*p**5 + 0*p + 0 + 0*p**4 + p**2. Give l(2).
10
Let n(p) be the second derivative of p**7/840 + p**6/60 - p**5/24 + 3*p**4/8 + p**3/2 - 6*p. Let h(d) be the second derivative of n(d). Determine h(-7).
-5
Let k = 112 - 110. Let v(t) be the second derivative of -1/6*t**3 + 0*t**k - 3*t + 0. What is v(2)?
-2
Let r be (-1)/4 + ((-4)/(-2))/6. Let b(t) be the second derivative of 0 + 3*t + r*t**4 + 1/3*t**3 - 7/2*t**2. Give b(-5).
8
Suppose 0 = -0*s + s. Suppose s = 3*w - 2*w - 1. Let b(f) be the second derivative of f**3/2 + f**2/2 + f. Give b(w).
4
Let c(g) = g**2 - 7*g + 4. Let d(j) = j**3 - 23*j**2 - 24*j + 6. Let t be d(24). Give c(t).
-2
Let x(g) = -2*g**2 - 4*g + 7 - 2*g**3 - g**2 + 3*g**3 - 2. What is x(4)?
5
Let f(j) = j**2 + 4*j - 1. Let v be f(-5). Let n(k) be the first derivative of -k**4/4 + 5*k**3/3 - 2*k**2 + 6*k + 2. Give n(v).
6
Let w(v) = v**3 + 6*v**2 + 7*v + 6. Let g be 3*6*6/(-27). Calculate w(g).
10
Let v(t) = -4*t. Let o be 12/8 + (-5)/(-10). Determine v(o).
-8
Let w be 4/6*(-2 + 8). Suppose 3*j - 4*v = -w, -2*j + 0*j = 4*v